. What is the tens digit of u?
1
Suppose -453856 = -55*x - 56976. What is the thousands digit of x?
7
What is the tens digit of ((-2)/8)/(12/2569392*-7)?
4
Let a = 10661 - 5864. What is the units digit of a?
7
Suppose 1031 = 2*z + 143. Suppose 6*s - z = 3066. What is the tens digit of s?
8
Let t be 4/(60/(-35))*-3. Let g(b) = 6 - 14*b + 4 + 2*b - t. What is the tens digit of g(-6)?
7
Let p(u) = 2*u**3 + 11*u**2 + 2*u. Let o be p(-5). Suppose o*y - 158 = 802. What is the tens digit of y?
6
Let v = 588 + -603. Let h(d) = -13*d + 1 + 2*d**2 + 18*d + 14*d. What is the units digit of h(v)?
6
Let b(q) = -40*q - 15*q**2 + 1 + 36*q**2 + q**3 - 12*q**2. What is the hundreds digit of b(-9)?
3
Let a(k) = -2*k**3 + 3*k**2 - k + 9. Let f be a(-5). Let h = f + -205. Suppose 0*l = 3*g - 2*l - 197, -4*l - h = -2*g. What is the units digit of g?
5
Let b = -289 - -296. Suppose b*n = -31*n + 3952. What is the tens digit of n?
0
Suppose 0 = -4*n + a + 13, 24 = 6*n - 4*n - 4*a. Suppose 0 = -x - n*p + p + 232, -5*x - 4*p = -1158. What is the tens digit of x?
3
Let o(a) = -29*a - 145. Let v be o(-5). Suppose v = -15*j + 5255 + 12310. What is the hundreds digit of j?
1
Suppose 0 = 31*v + 70*v + 45*v - 3004242. What is the thousands digit of v?
0
Suppose -7*d = -5*d + 848. Let c = 423 - d. What is the units digit of c?
7
Suppose -6*c - 30 = 0, o + 430*c = 434*c + 16451. What is the hundreds digit of o?
4
Suppose -4137 + 1041 = 2*n. Suppose -21*y - 33 = -54. What is the units digit of (y/(-3))/(6/n)?
6
Let p be (-4)/3*((-11106)/(-12) - -3). What is the hundreds digit of 20 - 21 - (-1 + p)?
2
What is the hundreds digit of 26*(-1 + 2154/6)?
3
Let b(k) = 96*k**3 - k**2 - 10*k + 6. Let q(u) = -95*u**3 + u**2 + 11*u - 5. Let m(f) = 4*b(f) + 3*q(f). What is the units digit of m(2)?
3
Suppose 0*x + 8 = 4*x. Let b = 30 - 21. What is the units digit of 16*b + 6/x?
7
Suppose -15*u = -19*u + 4*j + 41980, -4*u + j + 41998 = 0. What is the ten thousands digit of u?
1
Suppose -4*a - o + 21 = 0, -2 = 2*o - 4. Suppose -4*p = -3*q + 620, -a*q + 4*p - 39 + 1067 = 0. What is the hundreds digit of q?
2
Suppose -70*t = -326224 - 1408306. What is the hundreds digit of t?
7
Let w(s) = -49*s + 166. Let j(z) = 74*z - 252. Let h(l) = 5*j(l) + 7*w(l). What is the units digit of h(15)?
7
Suppose -28*n + 158288 = 36*n - 48*n. What is the hundreds digit of n?
8
Suppose 3*d = -10*f + 24890, -5*d - 5*f + 8305 = -4*d. What is the units digit of d?
0
Suppose -4*h + 16675 = -n, 2*h + 264*n - 269*n - 8315 = 0. What is the units digit of h?
0
Let g(m) = -m**3 + 70*m**2 - 63*m + 828. What is the units digit of g(69)?
2
Let o(n) = 26*n + 5. Let s be o(0). Suppose -s*w = -18*w + 6149. What is the tens digit of w?
7
Let f = 2435 - 1279. Let x = 412 + f. What is the tens digit of x?
6
Let n(j) = -j**2 + 13*j + 39. Let i(a) = a**2 - 27*a - 79. Let d(m) = -2*i(m) - 5*n(m). Let f be d(-9). Suppose 219 = 4*v - f. What is the tens digit of v?
3
Let y(f) = f**2 - 8*f + 10. Let p be y(6). Let g be 1/p - 55/(-22). Suppose 147 = g*x - 427. What is the hundreds digit of x?
2
Let v(d) = -2*d**3 - 22*d**2 - 2*d - 13. Let s be v(-11). What is the hundreds digit of -18*((-3)/s)/1 - -266?
2
Suppose -74*c - 411*c + 35176565 = 0. What is the tens digit of c?
2
Let g be 112/(-2)*((6 - 12) + 5). Suppose -5*c - 4*u + g = -6*u, 5*u + 25 = c. What is the units digit of c?
0
Let a be ((-6)/(-4))/(10/(-20)) + 5. What is the hundreds digit of (-204)/((-6)/6) + 0 + a?
2
Let j(x) be the third derivative of -42*x**2 + 19/2*x**3 - 1/12*x**4 + 0*x + 0. What is the tens digit of j(-10)?
7
Let j be (-11 - -8)/((-3)/(-214)). Let n be (-1)/((-2)/j) + (-10)/(-5). Let x = n + 194. What is the tens digit of x?
8
Let y = 34615 + -21933. What is the ten thousands digit of y?
1
Let s = 59843 + -33410. What is the hundreds digit of s?
4
Suppose -21*s = -64*s - 57706. Let y = s + 1957. What is the units digit of y?
5
Suppose 3*i - 22 + 13 = 0. Suppose -4*m = 4*f - 2168, -i*f + 2*m + 2144 = f. What is the hundreds digit of f?
5
Suppose 7*t - t - 12 = 0. Let i be (4 - -11)*t/6 + 0. What is the tens digit of i/175*7 - (-148)/10?
1
Let y = 436 + -867. Let r(l) = 68*l**2 + 2*l - 1. Let x be r(-3). Let h = y + x. What is the tens digit of h?
7
Let y = 10091 - 2807. What is the units digit of y?
4
Suppose -66*w - 340529 = -1204403. What is the units digit of w?
9
Let h = -270 + 269. What is the hundreds digit of 293 - ((-3 + 3)/(-6))/h?
2
What is the tens digit of (13 + -53)*(2/6 + (-36701)/42)?
4
Suppose 132 = 36*n - 32*n. Suppose -3*q + 3*s = -n, 3*s + 1 + 17 = 2*q. What is the tens digit of (3 - 51/q)*-335?
3
Let q(d) = -d**3 - 25*d**2 + 119*d - 459. What is the tens digit of q(-41)?
5
Let i(l) = -2*l**2 + 14*l - 16. Let m be i(5). Suppose 4*u = 2*y + 2*y + 720, -2*y = m*u - 720. What is the hundreds digit of u?
1
Let y be (0*(-1 - 0))/3. Let o = -765 - -1417. Suppose -547 = -3*p - w + 90, 3*p - 2*w - o = y. What is the hundreds digit of p?
2
Let p = -29937 - -54457. What is the ten thousands digit of p?
2
Let i = -67951 - -113701. What is the ten thousands digit of i?
4
Suppose -o = -4*t + 1379, 3*o - 7*t = -2*t - 4165. Let n = -515 - o. What is the tens digit of n?
8
What is the hundreds digit of ((-44)/(-66))/(2/9547) - 24/(-36)?
1
Let j(x) = 43*x - 34. Let s(m) = -85*m + 69. Let v(a) = 13*j(a) + 6*s(a). What is the hundreds digit of v(3)?
1
Suppose -372982 = -46*r + 4*r + 77048. What is the ten thousands digit of r?
1
Let q = 19 + 9. Suppose 4*b = -3*b + q. Suppose 133 = o - 0*o - b*y, 617 = 5*o - 4*y. What is the tens digit of o?
2
What is the ten thousands digit of (-420)/(-224) - 3218189/(-104)?
3
Let k(m) = 139*m**2 - 31*m + 485. What is the thousands digit of k(17)?
0
Suppose 0 = -5*y + 6*y + 2. Let t be (-34)/y + 9 + -9. Suppose 492 = -14*a + t*a. What is the tens digit of a?
6
Let c be (10/3)/(1 + 5/(-3)). What is the hundreds digit of (10/6)/c*-1932?
6
Let x(y) = y**3 + 12*y**2 - 67*y - 4. What is the tens digit of x(7)?
5
Let h(o) = 4071*o**3 + 2*o - 2. Let n be h(1). What is the hundreds digit of (-6)/(-8) - 12/((-144)/n)?
3
Suppose -4*t = -411 + 347. Suppose t*w - 9*w - 1925 = 0. What is the hundreds digit of w?
2
Suppose -985 = -2*w - z, -2*w + 3*w - 500 = -2*z. Suppose 5*c = 2*j - 323 - w, -j + 5*c + 399 = 0. What is the tens digit of j?
1
Suppose 96*o = 98*o - 35424. What is the ten thousands digit of o?
1
Suppose 2*w + 2*p = 11008, p = -2*w + 4*p + 11018. What is the hundreds digit of w?
5
Suppose 0 = -2*u - 2 + 4, -4*i + 2*u = 234. Let n = 60 + i. Suppose -2*f + 14 = n*t, -4*f - f + 29 = -t. What is the units digit of f?
6
Suppose -6*l + 0 = 12. Let z(q) = -4*q**2 - q + 3. Let w be z(l). Let f(r) = r**3 + 12*r**2 - 5*r + 16. What is the units digit of f(w)?
2
Suppose 116*o + 216*o = 14972204. What is the tens digit of o?
9
Let s be (2135/(-30) - -4) + 1/6. Let u = s + 69. What is the tens digit of (-4*4/40)/(u/(-100))?
2
Suppose 0*a = -7*a - 126. Let f be (-66)/(-33) + (a - (-1 - 0)). Let z(y) = y**2 + 11*y - 40. What is the tens digit of z(f)?
2
Let n = -462 + 467. What is the units digit of (38/n)/((-12)/(-1110))?
3
Suppose 2*z + 485 = 3*a + 2*a, 0 = a + 3*z - 97. Suppose 2*c - 71*g + 75*g = 132, 5*c + 2*g - 362 = 0. Let y = a - c. What is the units digit of y?
3
Suppose -5*l = 70*a - 65*a - 95, a + 5*l = -1. What is the hundreds digit of 3344/a - 12/9?
1
Let g(b) = 65*b. Let o be g(1). Suppose 13*j + 1438 = 4779. Let w = j - o. What is the units digit of w?
2
Let k = -226 + -50. Let q be (3/2 + -2)/((-1)/k). Let l = q - -229. What is the tens digit of l?
9
Suppose -640 = -5*d + 30. Suppose 4*t - 24*t - 28*t = 912. Let a = d - t. What is the tens digit of a?
5
Suppose 8*d = 7 + 33. Suppose 6*y + 15 = 4*y + d*r, 4*y - 4*r = -12. Suppose y = j + 43 - 52. What is the units digit of j?
9
Let u = -1249 + 617. Let b = u + 927. What is the hundreds digit of b?
2
Let v be 6/(-21) - (996/21)/2. What is the hundreds digit of 13280/v*(-3)/2?
8
Let v(l) = l**2 + 4*l - 94. Let z be v(-12). What is the hundreds digit of (-9324)/70*(-20)/3*z?
7
Let m be (42/(-28) - (-1)/(-2)) + 5. Suppose 5*s = m*s - 5*c + 577, 0 = -5*s - c + 1431. What is the tens digit of s?
8
Let l = -8 + -16. Let x = -76 + l. What is the units digit of 0 - (x/(-2))/(-1)?
0